 = -w**3 - 35*w**2 - 58*w + 324. Calculate j(-33).
60
Let f(r) = 2*r**3 + 3*r**2 - 78*r + 74. Determine f(1).
1
Let p(t) = t**3 - 84*t**2 - 165*t - 198. Determine p(86).
404
Let h(f) = -21*f**3 + 16*f + 49. What is h(-3)?
568
Let t(w) = -370*w - 1092. Give t(-3).
18
Let v(k) = 132*k + 1064. Calculate v(-8).
8
Let k(f) = -9*f**2 - 26*f + 111. Give k(6).
-369
Let d(y) = 3*y + 177. Determine d(-49).
30
Let j(l) = 429*l + 8151. What is j(-19)?
0
Let p(o) = o**2 + 119*o + 367. What is p(-3)?
19
Let n(g) = -71*g - 783. Give n(-11).
-2
Let g(v) = 4153*v + 8376. What is g(-2)?
70
Let v(y) = 28*y + 273. What is v(-9)?
21
Let p(v) = -13804*v + 207064. Determine p(15).
4
Let x(f) = -f**3 - 26*f**2 + 43*f - 368. Give x(-28).
-4
Let p(x) = -556*x + 15578. Calculate p(28).
10
Let i(s) = -10*s**2 + 4*s + 6. What is i(1)?
0
Let v(f) = f**3 - 12*f**2 - 36*f + 83. Determine v(14).
-29
Let a(g) = 82*g + 156. Calculate a(-4).
-172
Let y(f) = 3*f**2 + 105*f - 25. Give y(-32).
-313
Let g(l) = -l**2 - 226*l - 3981. Determine g(-19).
-48
Let h(v) = 4*v**3 - v**2 + 7*v + 8. Calculate h(-1).
-4
Let f(q) = 2*q**3 - 37*q**2 - 21*q + 70. Determine f(19).
32
Let x(r) = 4*r**2 + 3. Determine x(-8).
259
Let u(a) = 89*a + 405. Determine u(-5).
-40
Let o(s) = s + 221. What is o(-106)?
115
Let p(s) = -2269*s - 18015. What is p(-8)?
137
Let h(w) = -w**3 + 47*w**2 + 100*w - 108. Give h(49).
-10
Let d(u) = u**3 + 24*u**2 + 4*u + 2. Give d(-24).
-94
Let g(f) = -28*f + 711. Calculate g(22).
95
Let o(m) = -m**3 - 29*m**2 - 30*m - 16. Calculate o(-28).
40
Let c(v) = -12*v**2 + 12*v - 26. Calculate c(3).
-98
Let t(l) = -344*l**2 - 48*l + 48. Determine t(1).
-344
Let w(a) = a**3 - 8*a**2 - 13*a + 51. What is w(9)?
15
Let b(v) = 1310*v + 11771. Give b(-9).
-19
Let t(m) = m**3 - 95*m**2 + 609*m + 6. Give t(7).
-43
Let m(x) = x**3 - 4*x**2 + 563*x - 3454. Determine m(6).
-4
Let v(h) = 127*h - 1975. Determine v(15).
-70
Let l(u) = -3*u**2 + 40*u + 1161. Determine l(-14).
13
Let r(a) = -a**2 + a - 11. What is r(-3)?
-23
Let c(o) = 24*o**2 - 37*o - 227. Give c(4).
9
Let a(d) = 2*d**3 + 26*d**2 + 73*d - 30. Calculate a(-9).
-39
Let t(y) = 3*y**2 - 790*y - 4819. Calculate t(-6).
29
Let m(i) = -28*i**2 - 2019*i - 220. Calculate m(-72).
-4
Let q(b) = 7*b**2 - 27*b + 24. What is q(2)?
-2
Let z(n) = 5*n**3 + 49*n - 111. Calculate z(2).
27
Let f(h) = -2*h**2 - 106*h + 470. What is f(4)?
14
Let c(o) = o**2 - 31*o + 234. Determine c(17).
-4
Let k(u) = 2*u**2 + 48*u - 77. Give k(2).
27
Let v(w) = w**2 + 788*w + 5513. Calculate v(-7).
46
Let w(k) = 5*k**3 + 78*k**2 - 24*k + 131. What is w(-16)?
3
Let n(g) = -g**2 - 490*g - 11521. What is n(-25)?
104
Let d(p) = -44*p - 2152. Calculate d(-49).
4
Let z(k) = -k**3 + 16*k**2 + 5*k - 102. Give z(11).
558
Let v(u) = 79*u + 1387. Determine v(-18).
-35
Let f(s) = -s**2 + 46*s + 238. Give f(-5).
-17
Let f(m) = -466*m - 29820. What is f(-64)?
4
Let l(j) = -5*j**2 - 15*j - 7. Give l(-5).
-57
Let f(z) = 2*z**3 - 26*z**2 + 45*z - 72. Give f(11).
-61
Let m(b) = -81*b - 1911. What is m(-23)?
-48
Let r(j) = 4476*j + 22362. Determine r(-5).
-18
Let u(r) = -r**2 + 21*r - 180. Determine u(20).
-160
Let l(b) = -b**3 - 10*b**2 + 9*b - 68. What is l(-10)?
-158
Let w(m) = 238*m - 2619. What is w(11)?
-1
Let t(n) = 2*n**2 - 34*n - 559. Determine t(24).
-223
Let y(i) = -7*i - 7. What is y(-1)?
0
Let o(w) = 46*w + 565. What is o(-12)?
13
Let n(p) = p**3 + 2*p**2 - 19*p - 22. Give n(-1).
-2
Let k(h) = -19*h - 75. Calculate k(-11).
134
Let w(q) = -q**2 + 27*q + 1314. Determine w(50).
164
Let s(a) = 3*a**2 + 42*a - 24. Calculate s(-15).
21
Let u(a) = -a**3 - 4*a**2 + 7*a - 100. Give u(-7).
-2
Let g(l) = -3*l - 491. Determine g(0).
-491
Let g(x) = -4*x**3 + x - 6. Calculate g(-3).
99
Let h(n) = n**3 - 112*n**2 - 208*n - 2268. Give h(114).
12
Let h(m) = 175*m**2 - 1394*m - 54. Give h(8).
-6
Let l(a) = -a**3 + a**2 - 23*a + 81. Calculate l(6).
-237
Let l(h) = -8*h**2 + 182*h - 78. Give l(22).
54
Let h(f) = -3*f**3 - 18*f**2 + 56*f + 262. What is h(-7)?
17
Let x(p) = -p**3 - 10*p**2 - 2*p + 77. Calculate x(-9).
14
Let f(b) = -26*b + 325. What is f(-5)?
455
Let z(r) = -131*r - 144. Calculate z(-1).
-13
Let q(l) = -l**2 + 27*l - 21. Give q(24).
51
Let j(b) = 43*b + 445. What is j(-12)?
-71
Let m(p) = 74*p - 3787. Determine m(49).
-161
Let a(s) = -s**2 - 208*s - 9142. Calculate a(-145).
-7
Let o(h) = 5*h**3 + 480*h**2 - h - 85. Calculate o(-96).
11
Let v(c) = -28*c**3 - 57*c - 56. Give v(-1).
29
Let o(x) = -2*x**2 + 41*x + 254. What is o(25)?
29
Let y(a) = -4*a**3 - 101*a**2 + 69*a - 236. Give y(-26).
-2
Let y(h) = h**3 - 15*h**2 + 11*h - 24. Determine y(14).
-66
Let j(s) = 176*s + 418. Determine j(-6).
-638
Let s(v) = 2*v**3 - v**2 + 5*v + 8. Calculate s(-3).
-70
Let a(y) = -62*y - 922. Give a(-15).
8
Let i(p) = -p**3 - 31*p**2 + 28*p - 53. Calculate i(-32).
75
Let t(r) = -2*r**2 - 84*r + 357. What is t(4)?
-11
Let b(y) = -2*y**3 - 14*y**2 - 9*y - 14. Give b(-7).
49
Let n(t) = 3*t**2 - 30*t - 377. Give n(17).
-20
Let d(u) = u**2 + 84*u + 1321. What is d(-63)?
-2
Let j(x) = 3*x**3 - 16*x**2 - 20*x + 18. What is j(-2)?
-30
Let r(i) = -i**3 - 11*i**2 - 10*i + 68. Determine r(-8).
-44
Let i(t) = t**3 - 38*t**2 + 38*t + 63. What is i(37)?
100
Let f(c) = c**2 + 87*c + 326. What is f(-83)?
-6
Let b(i) = i**3 + 47*i**2 + 209*i - 85. What is b(-42)?
-43
Let z(b) = -416*b - 9750. Calculate z(-23).
-182
Let p(k) = 446*k - 111. What is p(1)?
335
Let c(x) = -16*x - 179. Determine c(-9).
-35
Let w(d) = d**2 - 134*d + 4326. What is w(85)?
161
Let o(w) = 287*w - 945. What is o(3)?
-84
Let o(z) = -123*z - 157. Calculate o(-1).
-34
Let b(x) = -x**3 + 3*x**2 + 36*x - 27. Calculate b(-5).
-7
Let d(c) = c**3 - 8*c**2 - c + 136. Calculate d(0).
136
Let r(m) = m**3 + 11*m**2 - 27*m - 312. Calculate r(-11).
-15
Let y(m) = -10*m**2 + 122*m - 217. Calculate y(10).
3
Let b(g) = 2*g**3 - 27*g**2 + 43*g - 14. Calculate b(12).
70
Let z(g) = 3*g + 27. Give z(25).
102
Let k(v) = -v**3 - 148*v**2 + 164*v + 2230. What is k(-149)?
-5
Let f(j) = -311*j + 3414. What is f(11)?
-7
Let l(u) = -u**2 + 19*u - 6. Determine l(5).
64
Let q(t) = 4*t**2 - 64*t + 108. What is q(14)?
-4
Let b(j) = 82*j - 623. Give b(6).
-131
Let w(a) = -6*a**3 - 3*a**2 + 4*a + 4. Calculate w(-2).
32
Let r(n) = -2*n**2 - 179*n + 96. Give r(-90).
6
Let d(q) = -109*q - 3994. Determine d(-37).
39
Let w(g) = g**3 - 16*g**2 - 34*g - 19. What is w(18)?
17
Let o(l) = 11*l**2 - 100*l - 106. Determine o(-1).
5
Let s(b) = 132*b**3 - b. Calculate s(-1).
-131
Let m(s) = s**3 + 12*s**2 + 48*s + 188. What is m(-9)?
-1
Let t(g) = 16*g**2 - 12*g + 4. Give t(-4).
308
Let c(n) = 3*n**2 + 20*n - 58. Determine c(4).
70
Let y(g) = -4*g**2 - 82*g - 418. Determine y(-9).
-4
Let p(c) = c**2 - 432*c + 13886. What is p(35)?
-9
Let a(b) = -b**3 + 48*b + 175. Determine a(-7).
182
Let t(k) = -119*k - 700. Determine t(-6).
14
Let k(z) = -z**3 - 15*z**2 + z - 11. Calculate k(-7).
-410
Let h(q) = -q**3 + 43*q**2 - 46*q + 68. Give h(42).
-100
Let h(m) = -49*m + 454. Calculate h(9).
13
Let p(c) = -c**3 - 9*c**2 + 51*c - 20. Give p(-13).
-7
Let w(r) = 1287*r - 302. Give w(1).
985
Let f(i) = 101*i - 310. Give f(3).
-7
Let g(p) = p**3 + 26*p**2 + 27*p - 8. Calculate g(-25).
-58
Let o(a) = -5*a**2 - 128*a + 200. Give o(-27).
11
Let t(g) = 2*g**3 + 48*g**2 - 27. Calculate t(-24).
-27
Let x(k) = -k**3 + 4*k**2 + 78. What is x(6)?
6
Let a(f) = f**2 + 2*f - 86. Determine a(-11).
13
Let a(p) = -22*p**3 - p**2 + 10*p + 14. What is a(-2)?
166
Let y(s) = -s**2 + 108*s - 600. Give y(102).
12
Let d(h) = 3*h**2 + 298*h + 2278. What is d(-91)?
3
Let g(d) = 800*d + 16782. Determine g(-21).
-18
Let t(i) = i**3 + 45*i**2 - 48*i - 37. Give t(-46).
55
Let k(w) = -2*w + 372. Determine k(-23).
418
Let r(q) = 2*q**3 + 37*q**2 - 217*q - 265. Give r(-23).
-35
Let l(h) = h**3 - 17*h**2 + 6*h + 87. Calculate l(11).
-573
Let r(k) = -k**3 - 38*k**2 - 37*k - 1391. What is r(-38)?
15
Let w(r) = r**3 + 8*r**2 + 3176*r + 22194. Calculate w(-7).
11
Let i(y) = 2*y**3 - 2*y**2 - 22*y - 32. Give i(-7).
-662
Let i(w) = 17*w**2 + 62*w - 98. Give i(2).
94
Let s(n) = 2*n**3 + 6*n**2 + 49*n + 334. Calculate s(-5).
-11
Let i(h) = -h**2 - 25*h - 115. What is i(-19)?
-1
Let r(q) = q**2 - 55*q + 91. Give r(48).
-245
Let y(t) = -